{"id":9,"date":"2020-11-25T16:08:00","date_gmt":"2020-11-25T15:08:00","guid":{"rendered":"http:\/\/www.isabelleroyer.fr\/?page_id=9"},"modified":"2025-11-25T13:23:08","modified_gmt":"2025-11-25T12:23:08","slug":"a-propos","status":"publish","type":"page","link":"https:\/\/www.isabelleroyer.fr\/index.php\/a-propos\/","title":{"rendered":"\u00c0 propos"},"content":{"rendered":"<p>[et_pb_section fb_built=\u00a0\u00bb1&Prime; _builder_version=\u00a0\u00bb4.27.4&Prime; _module_preset=\u00a0\u00bbdefault\u00a0\u00bb background_image=\u00a0\u00bbhttps:\/\/www.isabelleroyer.fr\/wp-content\/uploads\/2025\/11\/Fond-IsaRoy.png\u00a0\u00bb background_position=\u00a0\u00bbbottom_left\u00a0\u00bb hover_enabled=\u00a0\u00bb0&Prime; background_last_edited=\u00a0\u00bbon|phone\u00a0\u00bb background_enable_color_phone=\u00a0\u00bboff\u00a0\u00bb background_image_phone=\u00a0\u00bbhttps:\/\/www.isabelleroyer.fr\/wp-content\/uploads\/2025\/11\/Fond-IsaRoy.png\u00a0\u00bb background_enable_image_phone=\u00a0\u00bbon\u00a0\u00bb background_size_tablet=\u00a0\u00bbcontain\u00a0\u00bb background_size_phone=\u00a0\u00bbcustom\u00a0\u00bb background_position_tablet=\u00a0\u00bbbottom_left\u00a0\u00bb background_position_phone=\u00a0\u00bbbottom_left\u00a0\u00bb background_blend_tablet=\u00a0\u00bbnormal\u00a0\u00bb background_blend_phone=\u00a0\u00bbnormal\u00a0\u00bb global_colors_info=\u00a0\u00bb{}\u00a0\u00bb title_text_phone=\u00a0\u00bbMotif accueil total\u00a0\u00bb title_text=\u00a0\u00bbFond IsaRoy\u00a0\u00bb background_size=\u00a0\u00bbinitial\u00a0\u00bb sticky_enabled=\u00a0\u00bb0&Prime; background_image_height_phone=\u00a0\u00bb20%\u00a0\u00bb][et_pb_row column_structure=\u00a0\u00bb1_4,3_4&Prime; use_custom_gutter=\u00a0\u00bbon\u00a0\u00bb gutter_width=\u00a0\u00bb1&Prime; _builder_version=\u00a0\u00bb4.27.4&Prime; _module_preset=\u00a0\u00bbdefault\u00a0\u00bb custom_margin=\u00a0\u00bb20px||20px|140px|true|false\u00a0\u00bb custom_margin_tablet=\u00a0\u00bb0px||0px||true|false\u00a0\u00bb custom_margin_phone=\u00a0\u00bb\u00a0\u00bb custom_margin_last_edited=\u00a0\u00bbon|phone\u00a0\u00bb hover_enabled=\u00a0\u00bb0&Prime; global_colors_info=\u00a0\u00bb{}\u00a0\u00bb locked=\u00a0\u00bboff\u00a0\u00bb sticky_enabled=\u00a0\u00bb0&Prime;][et_pb_column type=\u00a0\u00bb1_4&Prime; _builder_version=\u00a0\u00bb4.16&Prime; _module_preset=\u00a0\u00bbdefault\u00a0\u00bb global_colors_info=\u00a0\u00bb{}\u00a0\u00bb][et_pb_image src=\u00a0\u00bbhttps:\/\/www.isabelleroyer.fr\/wp-content\/uploads\/2025\/11\/03_Les-roses-05.png\u00a0\u00bb title_text=\u00a0\u00bb03_Les roses-05&Prime; _builder_version=\u00a0\u00bb4.27.4&Prime; _module_preset=\u00a0\u00bbdefault\u00a0\u00bb width=\u00a0\u00bb40%\u00a0\u00bb width_tablet=\u00a0\u00bb20%\u00a0\u00bb width_phone=\u00a0\u00bb30%\u00a0\u00bb width_last_edited=\u00a0\u00bbon|phone\u00a0\u00bb module_alignment=\u00a0\u00bbcenter\u00a0\u00bb custom_margin=\u00a0\u00bb|-32px||||\u00a0\u00bb hover_enabled=\u00a0\u00bb0&Prime; module_alignment_tablet=\u00a0\u00bbleft\u00a0\u00bb module_alignment_phone=\u00a0\u00bb\u00a0\u00bb module_alignment_last_edited=\u00a0\u00bbon|phone\u00a0\u00bb global_colors_info=\u00a0\u00bb{}\u00a0\u00bb sticky_enabled=\u00a0\u00bb0&Prime;][\/et_pb_image][\/et_pb_column][et_pb_column type=\u00a0\u00bb3_4&Prime; _builder_version=\u00a0\u00bb4.16&Prime; _module_preset=\u00a0\u00bbdefault\u00a0\u00bb global_colors_info=\u00a0\u00bb{}\u00a0\u00bb][et_pb_text _builder_version=\u00a0\u00bb4.27.4&Prime; _module_preset=\u00a0\u00bbdefault\u00a0\u00bb text_font_size=\u00a0\u00bb16px\u00a0\u00bb link_text_color=\u00a0\u00bb#e75e00&Prime; header_text_color=\u00a0\u00bb#c98900&Prime; header_font_size=\u00a0\u00bb52px\u00a0\u00bb header_letter_spacing=\u00a0\u00bb2px\u00a0\u00bb background_enable_color=\u00a0\u00bboff\u00a0\u00bb width_tablet=\u00a0\u00bb\u00a0\u00bb width_phone=\u00a0\u00bb85%\u00a0\u00bb width_last_edited=\u00a0\u00bbon|phone\u00a0\u00bb hover_enabled=\u00a0\u00bb0&Prime; global_colors_info=\u00a0\u00bb{}\u00a0\u00bb sticky_enabled=\u00a0\u00bb0&Prime; custom_margin_last_edited=\u00a0\u00bbon|desktop\u00a0\u00bb custom_margin=\u00a0\u00bb4%||||false|false\u00a0\u00bb custom_margin_tablet=\u00a0\u00bb4%||||false|false\u00a0\u00bb custom_margin_phone=\u00a0\u00bb4%||||false|false\u00a0\u00bb]<\/p>\n<h1>Isabelle Royer<\/h1>\n<p>[\/et_pb_text][\/et_pb_column][\/et_pb_row][et_pb_row column_structure=\u00a0\u00bb1_4,3_4&Prime; _builder_version=\u00a0\u00bb4.27.4&Prime; _module_preset=\u00a0\u00bbdefault\u00a0\u00bb custom_margin=\u00a0\u00bb|auto|-3px|auto||\u00a0\u00bb custom_padding=\u00a0\u00bb||60px||false|false\u00a0\u00bb hover_enabled=\u00a0\u00bb0&Prime; global_colors_info=\u00a0\u00bb{}\u00a0\u00bb background_color=\u00a0\u00bb#FFFFFF\u00a0\u00bb sticky_enabled=\u00a0\u00bb0&Prime;][et_pb_column type=\u00a0\u00bb1_4&Prime; _builder_version=\u00a0\u00bb4.16&Prime; _module_preset=\u00a0\u00bbdefault\u00a0\u00bb global_colors_info=\u00a0\u00bb{}\u00a0\u00bb][et_pb_image src=\u00a0\u00bbhttps:\/\/www.isabelleroyer.fr\/wp-content\/uploads\/2020\/12\/Moi.jpg\u00a0\u00bb title_text=\u00a0\u00bbMoi\u00a0\u00bb _builder_version=\u00a0\u00bb4.16&Prime; _module_preset=\u00a0\u00bbdefault\u00a0\u00bb transform_rotate=\u00a0\u00bb0deg|0deg|355deg\u00a0\u00bb custom_margin=\u00a0\u00bb||0px||false|false\u00a0\u00bb custom_margin_tablet=\u00a0\u00bb||30px||false|false\u00a0\u00bb custom_margin_phone=\u00a0\u00bb||20px||false|false\u00a0\u00bb custom_margin_last_edited=\u00a0\u00bbon|tablet\u00a0\u00bb box_shadow_style=\u00a0\u00bbpreset3&Prime; global_colors_info=\u00a0\u00bb{}\u00a0\u00bb][\/et_pb_image][\/et_pb_column][et_pb_column type=\u00a0\u00bb3_4&Prime; _builder_version=\u00a0\u00bb4.16&Prime; _module_preset=\u00a0\u00bbdefault\u00a0\u00bb global_colors_info=\u00a0\u00bb{}\u00a0\u00bb][et_pb_text _builder_version=\u00a0\u00bb4.27.4&Prime; _module_preset=\u00a0\u00bbdefault\u00a0\u00bb text_font_size=\u00a0\u00bb16px\u00a0\u00bb link_font=\u00a0\u00bb|600|||||||\u00a0\u00bb link_text_color=\u00a0\u00bb#8b8048&Prime; header_text_color=\u00a0\u00bb#8b8048&Prime; header_font_size=\u00a0\u00bb52px\u00a0\u00bb header_letter_spacing=\u00a0\u00bb2px\u00a0\u00bb background_enable_color=\u00a0\u00bboff\u00a0\u00bb width=\u00a0\u00bb90%\u00a0\u00bb width_tablet=\u00a0\u00bb90%\u00a0\u00bb width_phone=\u00a0\u00bb85%\u00a0\u00bb width_last_edited=\u00a0\u00bbon|phone\u00a0\u00bb module_alignment=\u00a0\u00bbleft\u00a0\u00bb custom_margin_tablet=\u00a0\u00bb\u00a0\u00bb custom_margin_phone=\u00a0\u00bb||10px||false|false\u00a0\u00bb custom_margin_last_edited=\u00a0\u00bbon|desktop\u00a0\u00bb hover_enabled=\u00a0\u00bb0&Prime; module_alignment_tablet=\u00a0\u00bbcenter\u00a0\u00bb module_alignment_phone=\u00a0\u00bb\u00a0\u00bb module_alignment_last_edited=\u00a0\u00bbon|tablet\u00a0\u00bb global_colors_info=\u00a0\u00bb{}\u00a0\u00bb sticky_enabled=\u00a0\u00bb0&Prime;]<\/p>\n<p id=\"u2620-2\">La vie m&rsquo;a amen\u00e9 au graphisme par des chemins de traverses; c&rsquo;est sans doute ce qui me donne un regard particulier et peut-\u00eatre inattendu.<\/p>\n<p id=\"u2620-4\">D&rsquo;autant que, dans un monde en grande agitation et plus que jamais d\u00e9di\u00e9 \u00e0 l\u2019image, j&rsquo;aspire \u00e0 travailler tel un artisan : prendre le temps d&rsquo;\u00e9couter vos besoins, r\u00e9fl\u00e9chir \u00e0 ce que vous m&rsquo;aurez transmis et vous proposer un visuel qui refl\u00e9tera parfaitement vos valeurs.<\/p>\n<p id=\"u2620-6\">La cr\u00e9ation graphique est un outil pr\u00e9cieux \u00e0 toute communication. Son sens et sa qualit\u00e9 r\u00e9v\u00e9leront les fondations de votre structure, \u00e9v\u00e9nement ou produit \u00e0 mettre en lumi\u00e8re, c&rsquo;est pour ces raisons que je privil\u00e9gierai toujours le temps \u00e0 la quantit\u00e9.<\/p>\n<p id=\"u2620-8\">C\u2019est dans un esprit d\u2019\u00e9coute active de vos besoins que j\u2019interviens et r\u00e9fl\u00e9chis avec vous sur les solutions les plus appropri\u00e9es \u00e0 mettre en \u0153uvre que ce soit pour :<\/p>\n<p id=\"u2620-12\">de l&rsquo;<a class=\"nonblock\" href=\"https:\/\/www.isabelleroyer.fr\/index.php\/edition-papier\/\" data-href=\"page:U74\">\u00e9dition papier : flyer, affiche, programme, journal, carte de visite, chemise institutionnelle\u2026,<\/a><\/p>\n<p id=\"u2620-20\">un<span>\u00a0<\/span><a class=\"nonblock\" href=\"https:\/\/www.isabelleroyer.fr\/index.php\/identites-visuelles\/\" data-href=\"page:U86\">logo<\/a>, une<span>\u00a0<\/span><a class=\"nonblock\" href=\"https:\/\/www.isabelleroyer.fr\/index.php\/identites-visuelles\/\" data-href=\"page:U86\">charte graphique<\/a>,<\/p>\n<p id=\"u2620-31\">un<span>\u00a0<\/span><a class=\"nonblock\" href=\"https:\/\/www.isabelleroyer.fr\/index.php\/habillage-produits\/\" data-href=\"page:U92\">packaging<\/a>, un<span>\u00a0<\/span><a class=\"nonblock\" href=\"https:\/\/www.isabelleroyer.fr\/index.php\/habillage-produits\/\" data-href=\"page:U92\">habillage produit<\/a><span>\u00a0<\/span>ou<a class=\"nonblock\" href=\"https:\/\/www.isabelleroyer.fr\/index.php\/habillage-produits\/\" data-href=\"page:U92\"><span>\u00a0<\/span>web<\/a><\/p>\n<p id=\"u2620-33\">ou tout autre projet dans lequel mes comp\u00e9tences vous seront utiles.<\/p>\n<p id=\"u2620-35\">Faire l\u2019exp\u00e9rience d\u2019une communication en harmonie avec vos objectifs de r\u00e9ussite, c\u2019est ce que je vous propose en vous accompagnant tout au long de votre projet et en vous apportant mon expertise en mati\u00e8re de cr\u00e9ation graphique.<\/p>\n<p id=\"u2620-39\">Mon parcours :<\/p>\n<ul class=\"list0 nls-None\" id=\"u2620-46\">\n<li id=\"u2620-41\">\u00c9cole R\u00e9gional des Beaux Arts de Valence &#8211; cursus DNSEP<\/li>\n<li id=\"u2620-43\">Skis Rossignol SA &#8211;\u00a0 Graphiste produits durant 13 ans<\/li>\n<li id=\"u2620-45\">Graphiste ind\u00e9pendante depuis 2003 : Isabelle Royer Graphiste \u00e0 Voiron, Is\u00e8re<\/li>\n<\/ul>\n<p>[\/et_pb_text][\/et_pb_column][\/et_pb_row][et_pb_row _builder_version=\u00a0\u00bb4.27.4&Prime; _module_preset=\u00a0\u00bbdefault\u00a0\u00bb][et_pb_column _builder_version=\u00a0\u00bb4.27.4&Prime; _module_preset=\u00a0\u00bbdefault\u00a0\u00bb type=\u00a0\u00bb4_4&Prime;][et_pb_text _builder_version=\u00a0\u00bb4.27.4&Prime; _module_preset=\u00a0\u00bbdefault\u00a0\u00bb text_font=\u00a0\u00bbSacramento||||||||\u00a0\u00bb text_text_color=\u00a0\u00bb#c98900&Prime; text_font_size=\u00a0\u00bb28px\u00a0\u00bb width_tablet=\u00a0\u00bb70%\u00a0\u00bb width_phone=\u00a0\u00bb75%\u00a0\u00bb width_last_edited=\u00a0\u00bbon|tablet\u00a0\u00bb hover_enabled=\u00a0\u00bb0&Prime; text_font_size_tablet=\u00a0\u00bb\u00a0\u00bb text_font_size_phone=\u00a0\u00bb28px\u00a0\u00bb text_font_size_last_edited=\u00a0\u00bbon|tablet\u00a0\u00bb global_colors_info=\u00a0\u00bb{}\u00a0\u00bb text_orientation=\u00a0\u00bbright\u00a0\u00bb sticky_enabled=\u00a0\u00bb0&Prime; custom_margin=\u00a0\u00bb|4%|||false|false\u00a0\u00bb custom_margin_last_edited=\u00a0\u00bbon|tablet\u00a0\u00bb custom_margin_tablet=\u00a0\u00bb|0%|||false|false\u00a0\u00bb module_alignment_last_edited=\u00a0\u00bbon|tablet\u00a0\u00bb module_alignment_tablet=\u00a0\u00bbright\u00a0\u00bb locked=\u00a0\u00bboff\u00a0\u00bb custom_margin_phone=\u00a0\u00bb|0%|||false|false\u00a0\u00bb module_alignment_phone=\u00a0\u00bbright\u00a0\u00bb]<\/p>\n<p>Une \u00e9coute, un regard, un m\u00e9dium entre vous et votre communication<\/p>\n<p>[\/et_pb_text][\/et_pb_column][\/et_pb_row][\/et_pb_section]<\/p>\n","protected":false},"excerpt":{"rendered":"<p>Isabelle RoyerLa vie m&rsquo;a amen\u00e9 au graphisme par des chemins de traverses; c&rsquo;est sans doute ce qui me donne un regard particulier et peut-\u00eatre inattendu. D&rsquo;autant que, dans un monde en grande agitation et plus que jamais d\u00e9di\u00e9 \u00e0 l\u2019image, j&rsquo;aspire \u00e0 travailler tel un artisan : prendre le temps d&rsquo;\u00e9couter vos besoins, r\u00e9fl\u00e9chir \u00e0 [&hellip;]<\/p>\n","protected":false},"author":1,"featured_media":0,"parent":0,"menu_order":0,"comment_status":"closed","ping_status":"closed","template":"","meta":{"_et_pb_use_builder":"on","_et_pb_old_content":"","_et_gb_content_width":"","footnotes":""},"class_list":["post-9","page","type-page","status-publish","hentry"],"yoast_head":"<!-- This site is optimized with the Yoast SEO plugin v27.4 - https:\/\/yoast.com\/product\/yoast-seo-wordpress\/ -->\n<title>\u00c0 propos &#8211; Isabelle Royer | Graphiste \u00e0 Voiron<\/title>\n<meta name=\"description\" content=\"A propos de moi, Isabelle Royer, graphiste \u00e0 Voiron pour vos besoins en identit\u00e9s visuelles, habillage produit, \u00e9dition papier ou autre.\" \/>\n<meta name=\"robots\" content=\"index, follow, max-snippet:-1, max-image-preview:large, max-video-preview:-1\" \/>\n<link rel=\"canonical\" href=\"https:\/\/www.isabelleroyer.fr\/index.php\/a-propos\/\" \/>\n<meta property=\"og:locale\" content=\"fr_FR\" \/>\n<meta property=\"og:type\" content=\"article\" \/>\n<meta property=\"og:title\" content=\"\u00c0 propos &#8211; Isabelle Royer | Graphiste \u00e0 Voiron\" \/>\n<meta property=\"og:description\" content=\"A propos de moi, Isabelle Royer, graphiste \u00e0 Voiron pour vos besoins en identit\u00e9s visuelles, habillage produit, \u00e9dition papier ou autre.\" \/>\n<meta property=\"og:url\" content=\"https:\/\/www.isabelleroyer.fr\/index.php\/a-propos\/\" \/>\n<meta property=\"og:site_name\" content=\"Isabelle Royer | Graphiste \u00e0 Voiron\" \/>\n<meta property=\"article:modified_time\" content=\"2025-11-25T12:23:08+00:00\" \/>\n<meta name=\"twitter:card\" content=\"summary_large_image\" \/>\n<meta name=\"twitter:label1\" content=\"Dur\u00e9e de lecture estim\u00e9e\" \/>\n\t<meta name=\"twitter:data1\" content=\"2 minutes\" \/>\n<script type=\"application\/ld+json\" class=\"yoast-schema-graph\">{\"@context\":\"https:\\\/\\\/schema.org\",\"@graph\":[{\"@type\":\"WebPage\",\"@id\":\"https:\\\/\\\/www.isabelleroyer.fr\\\/index.php\\\/a-propos\\\/\",\"url\":\"https:\\\/\\\/www.isabelleroyer.fr\\\/index.php\\\/a-propos\\\/\",\"name\":\"\u00c0 propos &#8211; Isabelle Royer | Graphiste \u00e0 Voiron\",\"isPartOf\":{\"@id\":\"https:\\\/\\\/www.isabelleroyer.fr\\\/#website\"},\"datePublished\":\"2020-11-25T15:08:00+00:00\",\"dateModified\":\"2025-11-25T12:23:08+00:00\",\"description\":\"A propos de moi, Isabelle Royer, graphiste \u00e0 Voiron pour vos besoins en identit\u00e9s visuelles, habillage produit, \u00e9dition papier ou autre.\",\"breadcrumb\":{\"@id\":\"https:\\\/\\\/www.isabelleroyer.fr\\\/index.php\\\/a-propos\\\/#breadcrumb\"},\"inLanguage\":\"fr-FR\",\"potentialAction\":[{\"@type\":\"ReadAction\",\"target\":[\"https:\\\/\\\/www.isabelleroyer.fr\\\/index.php\\\/a-propos\\\/\"]}]},{\"@type\":\"BreadcrumbList\",\"@id\":\"https:\\\/\\\/www.isabelleroyer.fr\\\/index.php\\\/a-propos\\\/#breadcrumb\",\"itemListElement\":[{\"@type\":\"ListItem\",\"position\":1,\"name\":\"Accueil\",\"item\":\"https:\\\/\\\/www.isabelleroyer.fr\\\/\"},{\"@type\":\"ListItem\",\"position\":2,\"name\":\"\u00c0 propos\"}]},{\"@type\":\"WebSite\",\"@id\":\"https:\\\/\\\/www.isabelleroyer.fr\\\/#website\",\"url\":\"https:\\\/\\\/www.isabelleroyer.fr\\\/\",\"name\":\"Isabelle Royer | Graphiste Voiron\",\"description\":\"Graphisme\",\"publisher\":{\"@id\":\"https:\\\/\\\/www.isabelleroyer.fr\\\/#\\\/schema\\\/person\\\/3cf07778e9dd40b28523369b291816e5\"},\"potentialAction\":[{\"@type\":\"SearchAction\",\"target\":{\"@type\":\"EntryPoint\",\"urlTemplate\":\"https:\\\/\\\/www.isabelleroyer.fr\\\/?s={search_term_string}\"},\"query-input\":{\"@type\":\"PropertyValueSpecification\",\"valueRequired\":true,\"valueName\":\"search_term_string\"}}],\"inLanguage\":\"fr-FR\"},{\"@type\":[\"Person\",\"Organization\"],\"@id\":\"https:\\\/\\\/www.isabelleroyer.fr\\\/#\\\/schema\\\/person\\\/3cf07778e9dd40b28523369b291816e5\",\"name\":\"Isabelle Royer\",\"image\":{\"@type\":\"ImageObject\",\"inLanguage\":\"fr-FR\",\"@id\":\"https:\\\/\\\/secure.gravatar.com\\\/avatar\\\/8fb60dad42cfacfbd4e7904723c65b7fb014f89db43af822999ec00bb560d23f?s=96&d=mm&r=g\",\"url\":\"https:\\\/\\\/secure.gravatar.com\\\/avatar\\\/8fb60dad42cfacfbd4e7904723c65b7fb014f89db43af822999ec00bb560d23f?s=96&d=mm&r=g\",\"contentUrl\":\"https:\\\/\\\/secure.gravatar.com\\\/avatar\\\/8fb60dad42cfacfbd4e7904723c65b7fb014f89db43af822999ec00bb560d23f?s=96&d=mm&r=g\",\"caption\":\"Isabelle Royer\"},\"logo\":{\"@id\":\"https:\\\/\\\/secure.gravatar.com\\\/avatar\\\/8fb60dad42cfacfbd4e7904723c65b7fb014f89db43af822999ec00bb560d23f?s=96&d=mm&r=g\"}}]}<\/script>\n<!-- \/ Yoast SEO plugin. -->","yoast_head_json":{"title":"\u00c0 propos &#8211; Isabelle Royer | Graphiste \u00e0 Voiron","description":"A propos de moi, Isabelle Royer, graphiste \u00e0 Voiron pour vos besoins en identit\u00e9s visuelles, habillage produit, \u00e9dition papier ou autre.","robots":{"index":"index","follow":"follow","max-snippet":"max-snippet:-1","max-image-preview":"max-image-preview:large","max-video-preview":"max-video-preview:-1"},"canonical":"https:\/\/www.isabelleroyer.fr\/index.php\/a-propos\/","og_locale":"fr_FR","og_type":"article","og_title":"\u00c0 propos &#8211; Isabelle Royer | Graphiste \u00e0 Voiron","og_description":"A propos de moi, Isabelle Royer, graphiste \u00e0 Voiron pour vos besoins en identit\u00e9s visuelles, habillage produit, \u00e9dition papier ou autre.","og_url":"https:\/\/www.isabelleroyer.fr\/index.php\/a-propos\/","og_site_name":"Isabelle Royer | Graphiste \u00e0 Voiron","article_modified_time":"2025-11-25T12:23:08+00:00","twitter_card":"summary_large_image","twitter_misc":{"Dur\u00e9e de lecture estim\u00e9e":"2 minutes"},"schema":{"@context":"https:\/\/schema.org","@graph":[{"@type":"WebPage","@id":"https:\/\/www.isabelleroyer.fr\/index.php\/a-propos\/","url":"https:\/\/www.isabelleroyer.fr\/index.php\/a-propos\/","name":"\u00c0 propos &#8211; Isabelle Royer | Graphiste \u00e0 Voiron","isPartOf":{"@id":"https:\/\/www.isabelleroyer.fr\/#website"},"datePublished":"2020-11-25T15:08:00+00:00","dateModified":"2025-11-25T12:23:08+00:00","description":"A propos de moi, Isabelle Royer, graphiste \u00e0 Voiron pour vos besoins en identit\u00e9s visuelles, habillage produit, \u00e9dition papier ou autre.","breadcrumb":{"@id":"https:\/\/www.isabelleroyer.fr\/index.php\/a-propos\/#breadcrumb"},"inLanguage":"fr-FR","potentialAction":[{"@type":"ReadAction","target":["https:\/\/www.isabelleroyer.fr\/index.php\/a-propos\/"]}]},{"@type":"BreadcrumbList","@id":"https:\/\/www.isabelleroyer.fr\/index.php\/a-propos\/#breadcrumb","itemListElement":[{"@type":"ListItem","position":1,"name":"Accueil","item":"https:\/\/www.isabelleroyer.fr\/"},{"@type":"ListItem","position":2,"name":"\u00c0 propos"}]},{"@type":"WebSite","@id":"https:\/\/www.isabelleroyer.fr\/#website","url":"https:\/\/www.isabelleroyer.fr\/","name":"Isabelle Royer | Graphiste Voiron","description":"Graphisme","publisher":{"@id":"https:\/\/www.isabelleroyer.fr\/#\/schema\/person\/3cf07778e9dd40b28523369b291816e5"},"potentialAction":[{"@type":"SearchAction","target":{"@type":"EntryPoint","urlTemplate":"https:\/\/www.isabelleroyer.fr\/?s={search_term_string}"},"query-input":{"@type":"PropertyValueSpecification","valueRequired":true,"valueName":"search_term_string"}}],"inLanguage":"fr-FR"},{"@type":["Person","Organization"],"@id":"https:\/\/www.isabelleroyer.fr\/#\/schema\/person\/3cf07778e9dd40b28523369b291816e5","name":"Isabelle Royer","image":{"@type":"ImageObject","inLanguage":"fr-FR","@id":"https:\/\/secure.gravatar.com\/avatar\/8fb60dad42cfacfbd4e7904723c65b7fb014f89db43af822999ec00bb560d23f?s=96&d=mm&r=g","url":"https:\/\/secure.gravatar.com\/avatar\/8fb60dad42cfacfbd4e7904723c65b7fb014f89db43af822999ec00bb560d23f?s=96&d=mm&r=g","contentUrl":"https:\/\/secure.gravatar.com\/avatar\/8fb60dad42cfacfbd4e7904723c65b7fb014f89db43af822999ec00bb560d23f?s=96&d=mm&r=g","caption":"Isabelle Royer"},"logo":{"@id":"https:\/\/secure.gravatar.com\/avatar\/8fb60dad42cfacfbd4e7904723c65b7fb014f89db43af822999ec00bb560d23f?s=96&d=mm&r=g"}}]}},"_links":{"self":[{"href":"https:\/\/www.isabelleroyer.fr\/index.php\/wp-json\/wp\/v2\/pages\/9","targetHints":{"allow":["GET"]}}],"collection":[{"href":"https:\/\/www.isabelleroyer.fr\/index.php\/wp-json\/wp\/v2\/pages"}],"about":[{"href":"https:\/\/www.isabelleroyer.fr\/index.php\/wp-json\/wp\/v2\/types\/page"}],"author":[{"embeddable":true,"href":"https:\/\/www.isabelleroyer.fr\/index.php\/wp-json\/wp\/v2\/users\/1"}],"replies":[{"embeddable":true,"href":"https:\/\/www.isabelleroyer.fr\/index.php\/wp-json\/wp\/v2\/comments?post=9"}],"version-history":[{"count":46,"href":"https:\/\/www.isabelleroyer.fr\/index.php\/wp-json\/wp\/v2\/pages\/9\/revisions"}],"predecessor-version":[{"id":1145,"href":"https:\/\/www.isabelleroyer.fr\/index.php\/wp-json\/wp\/v2\/pages\/9\/revisions\/1145"}],"wp:attachment":[{"href":"https:\/\/www.isabelleroyer.fr\/index.php\/wp-json\/wp\/v2\/media?parent=9"}],"curies":[{"name":"wp","href":"https:\/\/api.w.org\/{rel}","templated":true}]}}